Evaluate (0 - (-11 - -10)) + (-5 + 1 - 32).
-35
What is the value of 28 + (-180 + 201 - (12 - 1))?
38
3 + -1 + (7 - 11) + 7 - 15
-10
What is 9 - (-77 + -3 + 5 - -3)?
81
What is 24 + -26 - (4 + -3 + (6 - 10))?
1
What is the value of 4 + 9 + (19 - 50)?
-18
What is the value of 2 + -124 + 15 - (-8 - (-8 + 9 - 13))?
-111
What is -54 - -115 - 97 - 7?
-43
What is 44 + -39 + 16 + 21 + 6 + -3?
45
Evaluate -97 + (255 - 158) + (-2 - 0) + 11 + -1.
8
(-91 - (-35 - -21)) + (11 - (12 + 8))
-86
(-51 + 0 - -101) + (0 - 15)
35
What is (2 + 8 - 23 - 21) + 62?
28
What is the value of (-96 - 1) + (-1163 + 1112 - (2 + -71))?
-79
8 + (33 + -55 - -7) + 11 + 0 - 68
-64
What is 41 + -18 + (-33 - 8)?
-18
What is 853 + -851 + 5 + 2?
9
Calculate -1 - (-7 - (6 + -10)) - -101 - (40 + -28).
91
What is the value of -694 - -735 - (2 - 5 - -7)?
37
Evaluate 7 - (-73 - -76 - (-22 + -4)).
-22
(4 + (3 - 5) - -19) + (48 - 30 - 26)
13
Evaluate 51 + ((26 - 23) + 3 - 13).
44
Calculate -17 + (-3 - 14) + 35 + (1 + 1 - -8).
11
What is 66 + -15 + -31 - -6?
26
Evaluate 4 - -1 - (91 - (-11 + (5 - -12))).
-80
(79 - (27 + 3 + (-13 - 0))) + 14
76
What is -15 + 12 - (0 - 13 - (88 - 99))?
-1
Calculate (-130 + 95 - 66) + 104.
3
0 + 0 - -27 - (-100 - -200 - 100)
27
What is (-53 - (1 - (10 - (-13 + 19)))) + 4 + -9?
-55
-27 + 177 - 115 - (-3 - -2)
36
-10 - (17 + -22 + -1 + 23 + -1)
-26
What is the value of 9 + (-18 - (26 - 77) - -42)?
84
What is -6 + -6 + 15 + (4 + -8 - -71)?
70
5 + 1 + 5 - (13 - 25)
23
Calculate (990 + -1011 - (-30 + -1)) + (0 - -1 - 17).
-6
Calculate -10 + 1 + (-7 - (14 + -21)) - (-43 - 5).
39
What is (16 - -1) + (207 + -323 - -175)?
76
Calculate 10 - -1 - (153 - (130 - -2) - (-1 - -72)).
61
What is 11 - (7 + 8 + 2 + -5) - (0 - -77)?
-78
What is -1 + 4 - (15 + -7)?
-5
What is the value of -7 - 0 - (74 + -198 + 97)?
20
-23 + (-1 + 9 + -24 - -74)
35
13 + -6 + (-33 - (16 - 39))
-3
Evaluate -165 + (-113 - (109 - 331)).
-56
8 + (-6 - 0) + (1 - (-15 + 5 + 5))
8
Evaluate (-31 + 45 + -32 - (-5 - -1)) + -2.
-16
Calculate -4 - (-100 + 49) - 2.
45
Evaluate (14 - (83 - -8 - (29 - 17))) + -4.
-69
Evaluate -7 + (-2 - -1) - (28 + -16).
-20
6 - (7 + 43 + -45)
1
What is 14 - (113 + -139 + -63)?
103
(22 - 17) + (-6 - -1)
0
-13 + 2 + 16 + -2
3
(5 - -1) + (-130 - (-23 + 1 - 2 - -22))
-122
Calculate -14 + 62 - (63 + 78).
-93
Calculate (-1 + 8 - 14) + 1 + -80 + 42.
-44
Evaluate (-38 - -210) + -94 + 0.
78
32 - (-3 + -2 + 0 + 3 + 10)
24
Calculate -36 + -5 + -15 + (164 - 142).
-34
What is the value of 26 + (-24 - (-16 + 14)) - (3 + 3 + 34)?
-36
Evaluate 38 - (-48 - -12 - -13).
61
Calculate 117 - (13 + -44) - 85.
63
Calculate 54 + 33 + -82 + 41.
46
Evaluate 7 - (15 + (18 - (-12 + 31))).
-7
137 + -6 + (-193 - -28)
-34
What is 339 + -288 + 4 + 3 + -4?
54
What is the value of 57 + 0 + -61 - 21?
-25
What is the value of 105 + 1 + -240 - -66?
-68
Calculate (18 - (-7 + 6) - 8) + -3 + (7 - 20).
-5
What is the value of 29 + -28 + 44 + 6 + -6?
45
What is the value of -4 - (-8 - 10) - -66 - (7 + 8 + -5)?
70
Calculate -6 - (-61 + 36 + 16).
3
Evaluate (-77 - (-27 - -27)) + 16 + -7 + -24.
-92
What is the value of -112 - (-17 + -105 + -33)?
43
Calculate -82 - (5 - 27) - (1 - 16) - -2.
-43
What is (-1 - (8 + -26)) + 0 + -17 + (6 - 3)?
3
What is the value of 3 + -4 + -18 + 220 + -145 - 5?
51
-3 + 5 - (1 - (-13 + 17))
5
What is the value of -79 - 3 - (47 - 69 - -17)?
-77
11 + 2 + (77 - 104) + 29 + -8
7
15 + (26 - (-4 - (-102 + 7)))
-50
Calculate (542 - 363) + (3 - 133).
49
What is the value of (-14 - -14 - 3) + (7 - 13 - -10) - -38?
39
(15 - (0 - 3)) + -1 - -9
26
Calculate (29 - 0) + (-22 - (26 - 47)) + (1 - 3).
26
What is -35 - (-22 - -42 - 36)?
-19
Evaluate 27 + -2 - ((13 - (-43 + 30)) + -9).
8
What is the value of 52 + (-101 - 16) + -4?
-69
Evaluate 15 - (28 + -25 - 66).
78
What is the value of 76 + (-73 - (-34 - -6)) + 46?
77
Calculate (-54 - (39 - 144)) + -48.
3
Evaluate 21 + (-532 + 402 - (3 - -2)).
-114
What is the value of -29 + (-20 + -5 - -133)?
79
-17 + -3 + 2 + 4 + 3 - (411 + -459)
37
Calculate 3 + (-390 - -390) - ((-108 - (2 + -3)) + -1).
111
Evaluate -111 + 70 + -51 - -101.
9
Evaluate -24 - ((12 + 5 - 10) + -39 + 82).
-74
What is the value of 80 + -2 - (-11 - (80 + -118))?
51
Evaluate (-2 - -1) + 0 + 6228 + -6252.
-25
Calculate (2 - -93) + 0 - (-144 + -3 + 167).
75
-37 - -50 - 0 - (1 + 34 + (2 - 2))
-22
What is the value of (-102 + 62 - (15 + -40)) + -2 + (1 - -48)?
32
What is 29 + (-62 - (53 - 88))?
2
What is 21 - ((6 - 1 - (12 + -10)) + -2)?
20
1452 + -1449 - ((1 - -1) + 3) - (2 + -48)
44
2 - 29 - (4 - 10 - -25 - 14)
-32
-23 + 7 + (-20 - -19) + 23 - -32
38
What is the value of (18 + -14 + -14 - -4) + 6?
0
What is (-23 + -7 - -66 - 25) + (80 - 1)?
90
What is 36 - (4 - 4) - (2 + -16 + 0)?
50
-6 + (66 - -16) + 10 + -33
53
Calculate 2 - 14 - (5 + (104 - 85)).
-36
Calculate 13 + 26 + 4 - 43.
0
What is the value of -130 + 35 - (7 + -122)?
20
27 - -30 - (3 - (-10 - -12 - -3))
59
Evaluate (5 - ((-4 - 1) + -45) - 8) + -44 + 40.
43
-27 + 80 - (111 - -24)
-82
What is the value of (1 - -79 - (-2 + -17 + 5)) + -12?
82
41 - (-4 + -10 + 31)
24
Calculate -68 + -59 + -24 + 144 - (-1 - (0 - 41)).
-47
What is the value of 63 + 4 + -5 + -6 + -10 - -2?
48
What is the value of (-10 + 2 - (-12 + 14)) + (-74 - -7 - 4)?
-81
Calculate 1 + 2 + 26 - (795 + -759).
-7
(-6 - (-38 + 13 + -6)) + -55
-30
(27 - ((23 - 25) + 24)) + (-6 - -2)
1
Calculate 6 + -3 - 103 - ((27 - 40) + 4 + 8).
-99
What is 36 - (-4 + 13) - (223 + -207)?
11
85 + 10 + (-381 - -267)
-19
Evaluate 59 - 77 - ((70 - -11) + 4).
-103
What is 9 - 143 - 15 - -72?
-77
Calculate (-74 - -60) + (-11 - -7 - -61).
43
Evaluate 274 - 283 - ((-5 - -7) + -14 + 5).
-2
What is 32 + -178 + 19 - -93?
-34
-66 - -3 - (3 + (1 - (-9 + 19)))
-57
Evaluate 26 + (-12 - -4 - -10) - (-10 + -2).
40
What is the value of (4 - -217) + (708 - 822)?
107
What is -35 + 27 - (7 - 1 - (-1 + -9 + 11))?
-13
Calculate -328 + 361 - (0 + 3 + 5 + 0).
25
Evaluate 5632 + -5654 + 60 + -1.
37
-2 + -57 + 273 + -146
68
Evaluate (-57 + 16 - -61) + 29 + 4.
53
What is 1 + -20 - (-211 + 165)?
27
Calculate -126 + 61 + 20 - -34.
-11
118 + -64 + -14 - 17
23
Evaluate -2 + 30 + (134 - 28 - 137).
-3
Evaluate (3 - 34) + (-19 + (51 - 25) - -2).
-22
What is the value of 51 + 34 + -122 + 45?
8
Calculate 46 - (16 + (-27 - -6) + 16).
35
Evaluate 7 + 12 + -9 - ((24 - 24) + -15).
25
Evaluate 6 + 34 - (614 + -510).
-64
What is 34 + (-41 - (-18 + -18)) + -138?
-109
2 + -2 - (-64 + (38 - 27 - -12))
41
(-6 - (13 + 18 + -11)) + -26
-52
What is the value of -36 - (30 - 69) - -17?
20
Evaluate 1 + (-23 - (17 + -10 + -7 + -9)) + 68.
55
What is the value of 44 - (36 + (43 - 69))?
34
Evaluate -553 + 615 + (-2 - 23).
37
What is -7 + (20 - (-3 + 6)) + -11 + 13 + -6?
6
What is -32 - -3 - (3094 + -3089)?
-34
113 + 2 - 24 - 47
44
What is (108 - 137) + -71 - -15?
-85
What is the value of 0 + (10 - (-8 + 15 + (2 - 4) + -6))?
11
Evaluate 3 + (24 - 8) - 44.
-25
Evaluate -23 - (-231 - -79 - -96).
33
-55 + -93 + 67 - (9 + -4)
-86
Evaluate 9 + -97 - (12 - (13 + -26)).
-113
What is the value of 104 + (-344 - -56) - -113?
-71
Calculate 65 + (-76 - (-66 + 12)).
43
Evaluate (-1 - -1) + 875 + -924.
-49
5 + -42 + 560 + -578
-55
What is (55 - 19 - 26) + -52?
-42
Calculate 5 - (-41 - (-3 + 11 + -5 + -9) - -10).
30
What is the value of -11 - (81 - (102 + 59))?
69
What is -13 - (-15 + (-6 - (-7 + 71)) - (5 + 7))?
84
What is -201 + -13 + 76 + 218?
80
96 - 34 - (-3 - (-17 - -10))
58
Calculate 4 + 7 - (-30 + 45 + -30 + 63).
-37
Evaluate 1 + -55 + (57 - (-117 - -172)).
-52
Evaluate 85 - 87 - (-3 - (10 - 0 - 21)).
-10
6 + (17 - 2 - 12)
9
-2 + -1 + -38 + (5007 - 5021)
-55
What is (19 - 8 - (2 - 2 - -5)) + -3?
3
What is the value of (-37 - (120 - 96)) + 1 + (8 - (2 - 4))?
-50
What is (-15 - (-5 - 12)) + -2 - (11 + -1)?
-10
Evaluate -49 + (88 - 136 - -91).
-6
What is (-5 - (27 + 4)) + (-7 - (2 - 6))?
-39
Evaluate -54 + (7 - -20) + 1 - (-1 + 89).
-114
Evaluate -53 + 24 + 63 + -61.
-27
Calculate 38 + -43 - (15 + (-6 - -16) + -3).
-27
Calculate -58 + 30 + 21 + 0 + -1 + (-2 - -21).
11
-96 + 96 - (-4 + 6 + 50 + 12)
-64
-1311 + 1316 + (1 - 0) + -10 + -52
-56
What is 10 - (3 + -2 + 18 + 7 + -51)?
35
5 - ((79 - 112) + -3 + 40)
1
Evaluate -10 + (-14 - (23 - (-6 + 79))).
26
What is t